{"id":530,"date":"2020-12-08T14:51:45","date_gmt":"2020-12-08T13:51:45","guid":{"rendered":"https:\/\/pecsivillamos.hu\/?page_id=530"},"modified":"2025-04-22T16:30:18","modified_gmt":"2025-04-22T16:30:18","slug":"villamos-pecsett-a-jovo","status":"publish","type":"page","link":"https:\/\/pecsivillamos.hu\/index.php\/villamos-pecsett-a-jovo\/","title":{"rendered":"Villamos P\u00e9csett &#8211; a j\u00f6v\u0151"},"content":{"rendered":"<p>&#8230;szerkeszt\u00e9s alatt&#8230;<\/p>\n","protected":false},"excerpt":{"rendered":"<p>&#8230;szerkeszt\u00e9s alatt&#8230;<\/p>\n","protected":false},"author":1,"featured_media":0,"parent":0,"menu_order":0,"comment_status":"closed","ping_status":"closed","template":"","meta":{"footnotes":""},"class_list":["post-530","page","type-page","status-publish","hentry","entry"],"_links":{"self":[{"href":"https:\/\/pecsivillamos.hu\/index.php\/wp-json\/wp\/v2\/pages\/530","targetHints":{"allow":["GET"]}}],"collection":[{"href":"https:\/\/pecsivillamos.hu\/index.php\/wp-json\/wp\/v2\/pages"}],"about":[{"href":"https:\/\/pecsivillamos.hu\/index.php\/wp-json\/wp\/v2\/types\/page"}],"author":[{"embeddable":true,"href":"https:\/\/pecsivillamos.hu\/index.php\/wp-json\/wp\/v2\/users\/1"}],"replies":[{"embeddable":true,"href":"https:\/\/pecsivillamos.hu\/index.php\/wp-json\/wp\/v2\/comments?post=530"}],"version-history":[{"count":2,"href":"https:\/\/pecsivillamos.hu\/index.php\/wp-json\/wp\/v2\/pages\/530\/revisions"}],"predecessor-version":[{"id":592,"href":"https:\/\/pecsivillamos.hu\/index.php\/wp-json\/wp\/v2\/pages\/530\/revisions\/592"}],"wp:attachment":[{"href":"https:\/\/pecsivillamos.hu\/index.php\/wp-json\/wp\/v2\/media?parent=530"}],"curies":[{"name":"wp","href":"https:\/\/api.w.org\/{rel}","templated":true}]}}