{"id":2,"date":"2019-03-29T12:54:02","date_gmt":"2019-03-29T11:54:02","guid":{"rendered":"https:\/\/pecsivillamos.hu\/?page_id=2"},"modified":"2023-11-25T21:54:53","modified_gmt":"2023-11-25T20:54:53","slug":"koszonto","status":"publish","type":"page","link":"https:\/\/pecsivillamos.hu\/","title":{"rendered":"Hello Balok\u00e1ny!"},"content":{"rendered":"\n<p>2023. szeptember 18-\u00e1n a BIOKOM Nonprofit Kft. munkat\u00e1rsai \u00e1ltal teljesen fel\u00faj\u00edtott P\u00e9csi Villamos \u00faj hely\u00e9re k\u00f6lt\u00f6z\u00f6tt, \u00edgy m\u00e1r a Balok\u00e1ny-ligetben csilingel a p\u00e9csi villamos egykori keleti v\u00e9g\u00e1llom\u00e1s\u00e1ra. A villamos egyel\u0151re csak k\u00edv\u00fclr\u0151l l\u00e1togathat\u00f3.<\/p>\n\n\n\n<figure class=\"wp-block-image size-large\"><img loading=\"lazy\" decoding=\"async\" width=\"1024\" height=\"768\" src=\"https:\/\/pecsivillamos.hu\/wp-content\/uploads\/2023\/09\/20230918_134859-1024x768.jpg\" alt=\"\" class=\"wp-image-580\" srcset=\"https:\/\/pecsivillamos.hu\/wp-content\/uploads\/2023\/09\/20230918_134859-1024x768.jpg 1024w, https:\/\/pecsivillamos.hu\/wp-content\/uploads\/2023\/09\/20230918_134859-300x225.jpg 300w, https:\/\/pecsivillamos.hu\/wp-content\/uploads\/2023\/09\/20230918_134859-768x576.jpg 768w, https:\/\/pecsivillamos.hu\/wp-content\/uploads\/2023\/09\/20230918_134859-1536x1152.jpg 1536w, https:\/\/pecsivillamos.hu\/wp-content\/uploads\/2023\/09\/20230918_134859-2048x1536.jpg 2048w, https:\/\/pecsivillamos.hu\/wp-content\/uploads\/2023\/09\/20230918_134859-1568x1176.jpg 1568w, https:\/\/pecsivillamos.hu\/wp-content\/uploads\/2023\/09\/20230918_134859-450x338.jpg 450w\" sizes=\"auto, (max-width: 1024px) 100vw, 1024px\" \/><\/figure>\n\n\n\n<p>Egyes\u00fclet\u00fcnk, a P\u00e9cs \u00e9s T\u00e9rs\u00e9ge K\u00f6z\u00f6ss\u00e9gi K\u00f6zleked\u00e9s\u00e9\u00e9rt Egyes\u00fclet 2013. okt\u00f3ber 20-\u00e1n, az egykori p\u00e9csi villamos 100. sz\u00fclet\u00e9snapj\u00e1n egy szint\u00e9n 100 \u00e9ves villamoskocsi ki\u00e1ll\u00edt\u00e1s\u00e1val \u00e1ll\u00edtott eml\u00e9ket a s\u00ednd\u00f6c\u00f6g\u00e9nyeknek.<\/p>\n\n\n\n<p>Honlapunk \u00e9s m\u0171k\u00f6d\u00e9s\u00fcnk f\u0151t\u00e1mogat\u00f3i 2018-2019-ben:<\/p>\n\n\n\n<div class=\"wp-block-columns has-2-columns is-layout-flex wp-container-core-columns-is-layout-9d6595d7 wp-block-columns-is-layout-flex\">\n<div class=\"wp-block-column is-layout-flow wp-block-column-is-layout-flow\">\n<figure class=\"wp-block-image\"><img loading=\"lazy\" decoding=\"async\" width=\"1024\" height=\"699\" src=\"https:\/\/pecsivillamos.hu\/wp-content\/uploads\/2019\/04\/emmi_color_cmyk__6_-1024x699.jpg\" alt=\"\" class=\"wp-image-268\" style=\"height:95px;width:auto\" srcset=\"https:\/\/pecsivillamos.hu\/wp-content\/uploads\/2019\/04\/emmi_color_cmyk__6_-1024x699.jpg 1024w, https:\/\/pecsivillamos.hu\/wp-content\/uploads\/2019\/04\/emmi_color_cmyk__6_-450x307.jpg 450w, https:\/\/pecsivillamos.hu\/wp-content\/uploads\/2019\/04\/emmi_color_cmyk__6_-300x205.jpg 300w, https:\/\/pecsivillamos.hu\/wp-content\/uploads\/2019\/04\/emmi_color_cmyk__6_-768x524.jpg 768w, https:\/\/pecsivillamos.hu\/wp-content\/uploads\/2019\/04\/emmi_color_cmyk__6_.jpg 1280w\" sizes=\"auto, (max-width: 1024px) 100vw, 1024px\" \/><\/figure>\n<\/div>\n\n\n\n<div class=\"wp-block-column is-layout-flow wp-block-column-is-layout-flow\">\n<figure class=\"wp-block-image\"><img loading=\"lazy\" decoding=\"async\" width=\"1024\" height=\"205\" src=\"https:\/\/pecsivillamos.hu\/wp-content\/uploads\/2019\/04\/emet__logo_fekvo_szines_rgb_png-1024x205.png\" alt=\"\" class=\"wp-image-261\" srcset=\"https:\/\/pecsivillamos.hu\/wp-content\/uploads\/2019\/04\/emet__logo_fekvo_szines_rgb_png-1024x205.png 1024w, https:\/\/pecsivillamos.hu\/wp-content\/uploads\/2019\/04\/emet__logo_fekvo_szines_rgb_png-450x90.png 450w, https:\/\/pecsivillamos.hu\/wp-content\/uploads\/2019\/04\/emet__logo_fekvo_szines_rgb_png-300x60.png 300w, https:\/\/pecsivillamos.hu\/wp-content\/uploads\/2019\/04\/emet__logo_fekvo_szines_rgb_png-768x154.png 768w, https:\/\/pecsivillamos.hu\/wp-content\/uploads\/2019\/04\/emet__logo_fekvo_szines_rgb_png.png 1398w\" sizes=\"auto, (max-width: 1024px) 100vw, 1024px\" \/><\/figure>\n\n\n\n<p><\/p>\n<\/div>\n<\/div>\n\n\n\n<script type=\"text\/javascript\">\n\n  var _gaq = _gaq || [];\n  _gaq.push(['_setAccount', 'UA-46439144-1']);\n  _gaq.push(['_trackPageview']);\n \n  (function() {\n    var ga = document.createElement('script'); ga.type = 'text\/javascript'; ga.async = true;\n    ga.src = ('https:' == document.location.protocol ? 'https:\/\/ssl' : 'http:\/\/www') + '.google-analytics.com\/ga.js';\n    var s = document.getElementsByTagName('script')[0]; s.parentNode.insertBefore(ga, s);\n  })();\n \n<\/script>\n","protected":false},"excerpt":{"rendered":"<p>2023. szeptember 18-\u00e1n a BIOKOM Nonprofit Kft. munkat\u00e1rsai \u00e1ltal teljesen fel\u00faj\u00edtott P\u00e9csi Villamos \u00faj hely\u00e9re k\u00f6lt\u00f6z\u00f6tt, \u00edgy m\u00e1r a Balok\u00e1ny-ligetben csilingel a p\u00e9csi villamos egykori keleti v\u00e9g\u00e1llom\u00e1s\u00e1ra. A villamos egyel\u0151re csak k\u00edv\u00fclr\u0151l l\u00e1togathat\u00f3. Egyes\u00fclet\u00fcnk, a P\u00e9cs \u00e9s T\u00e9rs\u00e9ge K\u00f6z\u00f6ss\u00e9gi K\u00f6zleked\u00e9s\u00e9\u00e9rt Egyes\u00fclet 2013. okt\u00f3ber 20-\u00e1n, az egykori p\u00e9csi villamos 100. sz\u00fclet\u00e9snapj\u00e1n egy szint\u00e9n 100 \u00e9ves villamoskocsi &hellip; <\/p>\n<p class=\"link-more\"><a href=\"https:\/\/pecsivillamos.hu\/\" class=\"more-link\"><span class=\"screen-reader-text\">&#8222;Hello Balok\u00e1ny!&#8221;<\/span> b\u0151vebben<\/a><\/p>\n","protected":false},"author":1,"featured_media":252,"parent":0,"menu_order":0,"comment_status":"closed","ping_status":"closed","template":"","meta":{"footnotes":""},"class_list":["post-2","page","type-page","status-publish","has-post-thumbnail","hentry","entry"],"_links":{"self":[{"href":"https:\/\/pecsivillamos.hu\/index.php\/wp-json\/wp\/v2\/pages\/2","targetHints":{"allow":["GET"]}}],"collection":[{"href":"https:\/\/pecsivillamos.hu\/index.php\/wp-json\/wp\/v2\/pages"}],"about":[{"href":"https:\/\/pecsivillamos.hu\/index.php\/wp-json\/wp\/v2\/types\/page"}],"author":[{"embeddable":true,"href":"https:\/\/pecsivillamos.hu\/index.php\/wp-json\/wp\/v2\/users\/1"}],"replies":[{"embeddable":true,"href":"https:\/\/pecsivillamos.hu\/index.php\/wp-json\/wp\/v2\/comments?post=2"}],"version-history":[{"count":16,"href":"https:\/\/pecsivillamos.hu\/index.php\/wp-json\/wp\/v2\/pages\/2\/revisions"}],"predecessor-version":[{"id":586,"href":"https:\/\/pecsivillamos.hu\/index.php\/wp-json\/wp\/v2\/pages\/2\/revisions\/586"}],"wp:featuredmedia":[{"embeddable":true,"href":"https:\/\/pecsivillamos.hu\/index.php\/wp-json\/wp\/v2\/media\/252"}],"wp:attachment":[{"href":"https:\/\/pecsivillamos.hu\/index.php\/wp-json\/wp\/v2\/media?parent=2"}],"curies":[{"name":"wp","href":"https:\/\/api.w.org\/{rel}","templated":true}]}}